{"id":5687,"date":"2021-10-15T08:12:33","date_gmt":"2021-10-15T06:12:33","guid":{"rendered":"https:\/\/eloquent-sinoussi.92-119-49-55.plesk.page\/?post_type=product&#038;p=5687"},"modified":"2025-02-19T10:27:04","modified_gmt":"2025-02-19T08:27:04","slug":"crema-di-cioccolato-fondente","status":"publish","type":"product","link":"https:\/\/eloquent-sinoussi.92-119-49-55.plesk.page\/?product=crema-di-cioccolato-fondente","title":{"rendered":"Crema di cioccolato fondente alla nocciola"},"content":{"rendered":"<h2>Crema di cioccolato fondente alla nocciola<\/h2>\n<p>La nostra <strong>crema di cioccolato fondente alla nocciola<\/strong>\u00a0<strong>spalmabile<\/strong> contiene <strong>oltre il 50% di<\/strong> <strong>nocciola Piemonte<\/strong> <strong>IGP<\/strong>, la tonda e gentile delle Langhe, che coltiviamo nella nostra azienda agricola con lavorazione biologica.<br \/>\nLa prepariamo con la <strong>pasta di nocciola<\/strong> per la sua tostatura forte, decisa, che esalta ancora di pi\u00f9 l&#8217;aroma intenso del cioccolato fondente.<\/p>\n<p>Non aggiungiamo grassi (olio di palma o altri), oltre l&#8217;olio contenuto naturalmente nella nocciola. In questo modo la nocciola ha una consistenza ideale e resta\u00a0<strong>ricca di grassi insaturi<\/strong>, utili al mantenimento di un livello di colesterolo salutare.<\/p>\n<h3>I vantaggi della confezione convenienza<\/h3>\n<p>Abbiamo realizzato anche una<strong> confezione convenienza da 600gr <\/strong>che ha\u00a0diversi vantaggi:<\/p>\n<ul>\n<li>il <strong>risparmio economico<\/strong>: barattoli pi\u00f9 grandi per noi significano risparmio di tempo in fase di produzione e confezionamento; in questo modo riusciamo a darti la stessa qualit\u00e0, ma a un prezzo pi\u00f9 basso!<\/li>\n<li>la <strong>sostenibilit\u00e0<\/strong>: seppur la nostra attenzione all&#8217;ambiente sia sempre molto alta, confezioni pi\u00f9 piccole richiedono un dispendio maggiore di materiali e risorse, come la luce e l&#8217;acqua; con la confezione convenienza facciamo il mondo pi\u00f9 felice;<\/li>\n<li>la <strong>famiglia<\/strong>: la confezione extra \u00e8 adatta a tutta la famiglia e pi\u00f9 nessuno rester\u00e0 a bocca asciutta.<\/li>\n<\/ul>\n<p>Provala anche con i biscotti speziati\u00a0o accompagnala alla nostra\u00a0torta di nocciole.<\/p>\n<p>In alternativa prova anche la nostra <a href=\"https:\/\/eloquent-sinoussi.92-119-49-55.plesk.page\/prodotto\/crema-di-cioccolato-e-nocciole\/\" target=\"_blank\" rel=\"noopener\">crema gianduia.<\/a><\/p>\n<p>Crema di cioccolato fondente ingredienti:<strong> nocciola<\/strong> Piemonte IGP (55%), cacao magro in polvere,<br \/>\nzucchero di canna,<strong> lecitina<\/strong> di girasole. Pu\u00f2 contenere tracce di<strong> latte e derivati<\/strong>.<\/p>\n<p><a href=\"https:\/\/eloquent-sinoussi.92-119-49-55.plesk.page\/wp-content\/uploads\/2022\/09\/tabella-nutrizionale-crema-cioccolato-fondente-nocciolapiemonteigp-italianhazelnuts.jpg\" target=\"_blank\" rel=\"noopener\">\u00a0Tabella nutrizionale<\/a><\/p>\n","protected":false},"excerpt":{"rendered":"<p style=\"text-align: left;\">Stai cercando una <strong>crema di cioccolato fondente solo con &#8221; nocciola Piemonte igp &#8220;<\/strong>? Sei nel posto giusto! Noi di Scoiattolo Rosso realizziamo una crema spalmabile golosa, con oltre il 50% di <strong>nocciola della varieta&#8217; tonda gentile trilobata<\/strong>, che coltiviamo e lavoriamo nella nostra azienda agricola.<\/p>\n<p>Possiamo garantirti un prodotto gustoso, naturale, <strong>senza olio di palma<\/strong> e altri grassi aggiunti, adatto a tutta la famiglia.<br \/>\nProvala sulle fette biscottate la mattina a colazione oppure concediti una meritata merenda: relax, pane tostato appena tiepido, e un bel cucchiaio di crema fondente spalmato sopra. Non riuscirai pi\u00f9 a farne a meno!<\/p>\n<p>La <strong>crema di cioccolato fondente alla nocciola <\/strong>\u00e8 un&#8217;ottima idea per realizzare <a href=\"https:\/\/eloquent-sinoussi.92-119-49-55.plesk.page\/prodotto\/bomboniere-gastronomiche-originali\/\" target=\"_blank\" rel=\"noopener\">bomboniere gastronomiche originali e personalizzabili<\/a> per battesimi, comunioni, cresime, matrimoni o lauree.<\/p>\n<p>Disponibile in due diversi formati:<\/p>\n<ul>\n<li><strong>Barattolo da 250gr:<\/strong> 6,9 \u20ac<\/li>\n<li><strong>Barattolo da 600gr:<\/strong> 13,5 \u20ac<\/li>\n<\/ul>\n<p>Se acquisti almeno 5 pezzi\u00a0 sconto del 3%<\/p>\n<p>10 pezzi\u00a0 sconto del 8%<\/p>\n<p>Nella descrizione ti abbiamo elencato tutti i <strong>vantaggi della confezione convenienza<\/strong> da 600gr. Scorri in fondo alla pagina per leggerli.<\/p>\n<p>&nbsp;<\/p>\n","protected":false},"featured_media":11039,"comment_status":"open","ping_status":"closed","template":"","meta":[],"product_brand":[],"product_cat":[31],"product_tag":[37,38,39,33,34],"class_list":{"0":"post-5687","1":"product","2":"type-product","3":"status-publish","4":"has-post-thumbnail","6":"product_cat-creme-spalmabili","7":"product_tag-bomboniere-gastronomiche","8":"product_tag-cioccolato-e-cacao","9":"product_tag-creme-spalmabili","10":"product_tag-idee-regalo","11":"product_tag-nocciole-piemonte-igp","12":"product_shipping_class-iva-22","14":"first","15":"instock","16":"taxable","17":"shipping-taxable","18":"purchasable","19":"product-type-variable","20":"has-default-attributes"},"_links":{"self":[{"href":"https:\/\/eloquent-sinoussi.92-119-49-55.plesk.page\/index.php?rest_route=\/wp\/v2\/product\/5687","targetHints":{"allow":["GET"]}}],"collection":[{"href":"https:\/\/eloquent-sinoussi.92-119-49-55.plesk.page\/index.php?rest_route=\/wp\/v2\/product"}],"about":[{"href":"https:\/\/eloquent-sinoussi.92-119-49-55.plesk.page\/index.php?rest_route=\/wp\/v2\/types\/product"}],"replies":[{"embeddable":true,"href":"https:\/\/eloquent-sinoussi.92-119-49-55.plesk.page\/index.php?rest_route=%2Fwp%2Fv2%2Fcomments&post=5687"}],"wp:featuredmedia":[{"embeddable":true,"href":"https:\/\/eloquent-sinoussi.92-119-49-55.plesk.page\/index.php?rest_route=\/wp\/v2\/media\/11039"}],"wp:attachment":[{"href":"https:\/\/eloquent-sinoussi.92-119-49-55.plesk.page\/index.php?rest_route=%2Fwp%2Fv2%2Fmedia&parent=5687"}],"wp:term":[{"taxonomy":"product_brand","embeddable":true,"href":"https:\/\/eloquent-sinoussi.92-119-49-55.plesk.page\/index.php?rest_route=%2Fwp%2Fv2%2Fproduct_brand&post=5687"},{"taxonomy":"product_cat","embeddable":true,"href":"https:\/\/eloquent-sinoussi.92-119-49-55.plesk.page\/index.php?rest_route=%2Fwp%2Fv2%2Fproduct_cat&post=5687"},{"taxonomy":"product_tag","embeddable":true,"href":"https:\/\/eloquent-sinoussi.92-119-49-55.plesk.page\/index.php?rest_route=%2Fwp%2Fv2%2Fproduct_tag&post=5687"}],"curies":[{"name":"wp","href":"https:\/\/api.w.org\/{rel}","templated":true}]}}