{"id":352,"date":"2017-02-06T16:19:06","date_gmt":"2017-02-06T14:19:06","guid":{"rendered":"https:\/\/eloquent-sinoussi.92-119-49-55.plesk.page\/?post_type=product&#038;p=352"},"modified":"2025-02-19T10:23:56","modified_gmt":"2025-02-19T08:23:56","slug":"crema-di-cioccolato-e-nocciole","status":"publish","type":"product","link":"https:\/\/eloquent-sinoussi.92-119-49-55.plesk.page\/?product=crema-di-cioccolato-e-nocciole","title":{"rendered":"Crema di cioccolato e nocciole"},"content":{"rendered":"<h2>Crema di cioccolato e nocciole | Scoiattolo Rosso<\/h2>\n<p><span id=\"ctl00_ContentPlaceHolder1_gvGoods_ctl07_Label1\">La <strong>crema di cioccolato Gianduia solo con &#8221; nocciola Piemonte igp di Scoiattolo Rosso<\/strong> \u00e8 una deliziosa spalmabile con cioccolato e oltre il 50% di nocciole Piemonte IGP. <\/span>Artigianale, di altissima qualit\u00e0, per i suoi ingredienti genuini e sostenibili, e dal gusto inconfondibile.<\/p>\n<p><span id=\"ctl00_ContentPlaceHolder1_gvGoods_ctl07_Label1\">L&#8217;abbiamo pensata in due formati:<\/span><\/p>\n<ul>\n<li><span id=\"ctl00_ContentPlaceHolder1_gvGoods_ctl07_Label1\">barattolo da 250 gr;<\/span><\/li>\n<li><span id=\"ctl00_ContentPlaceHolder1_gvGoods_ctl07_Label1\">barattolo da 600gr.<\/span><\/li>\n<\/ul>\n<h3>Perch\u00e9 conviene la confezione da 600gr?<\/h3>\n<p>Confezione pi\u00f9 grande, palato pi\u00f9 goloso. Vero, ma dietro alla confezione da 600gr di<strong>\u00a0<a href=\"https:\/\/it.wikipedia.org\/wiki\/Gianduia\" target=\"_blank\" rel=\"noopener\">crema di cioccolato Gianduia<\/a> e nocciole Piemonte IGP Scoiattolo Rosso<\/strong> c&#8217;\u00e8 soprattutto un discorso di <strong>convenienza<\/strong>. Infatti realizzare barattoli pi\u00f9 grandi ci permette di ottimizzare i tempi in fase di produzione e confezionamento e di essere pi\u00f9 sostenibili, poich\u00e9 utilizziamo meno materiali e risorse energetiche. Di conseguenza possiamo offrirti una <strong>crema spalmabile<\/strong> che, a conti fatti, <strong>costa meno<\/strong>: conviene a tutti e anche all&#8217;ambiente! Il prezzo \u00e8 di 18,16 \u20ac\/kg.<\/p>\n<p>Prova anche la nostra<a href=\"https:\/\/eloquent-sinoussi.92-119-49-55.plesk.page\/prodotto\/crema-di-cioccolato-fondente\/\" target=\"_blank\" rel=\"noopener\"> crema di cioccolato fondente<\/a> alla Nocciola .<\/p>\n<p>&nbsp;<\/p>\n<p>Ingredienti:<strong> nocciola<\/strong> Piemonte IGP\u00a050%, saccarosio, fibra vegetale (inulina), cacao in polvere 22\/24, <strong>latte magro<\/strong> in polvere, emulsionante (<strong>lecitina di soia<\/strong>).<\/p>\n<p><a href=\"https:\/\/eloquent-sinoussi.92-119-49-55.plesk.page\/wp-content\/uploads\/2022\/09\/tabella-nutrizionle-cioccolato-alla-nocciola-piemonte-1.pdf\">Tabella nutrizionale<\/a><\/p>\n","protected":false},"excerpt":{"rendered":"<p style=\"text-align: left;\">Cerchi una <strong>crema al cioccolato Gianduia spalmabile gi\u00e0 pronta<\/strong>, genuina, artigianale, con ingredienti genuini e senza olio di palma? Prova la <strong>crema di cioccolato solo con &#8221; nocciola Piemonte igp&#8221;<\/strong>\u00a0di Scoiattolo Rosso. Un prodotto goloso, con <strong>oltre il 50% di nocciole<\/strong>\u00a0che coltiviamo e lavoriamo nella nostra azienda agricola a conduzione famigliare.<\/p>\n<p>Ideale al mattino per iniziare col piede giusto la giornata oppure a merenda, spalmata su una fetta di pane tiepido appena tostato. Perfetta anche come <strong>crema al cioccolato per farcire torte<\/strong> e renderle ancora pi\u00f9 golose e invitanti. Ti mettiamo in guardia solo per un motivo: attenzione, crea dipendenza! (e non poca).<\/p>\n<p>Sceglila anche per realizzare delle <strong>bomboniere gastronomiche originali e personalizzate<\/strong> per battesimi, comunioni, cresime, matrimoni o lauree. I tuoi ospiti apprezzeranno un dono cos\u00ec goloso e&#8230; utile!<\/p>\n<p style=\"text-align: left;\">L&#8217;abbiamo pensata in due formati:<\/p>\n<p><b>Barattolo da 250gr: 6,9 <\/b>\u20ac<br \/>\n<strong>Barattolo convenienza da 600gr:\u00a0 13,5 <\/strong>\u20ac<\/p>\n<p>Nella descrizione puoi leggere perch\u00e9 quella da 600gr \u00e8 una confezione convenienza e come ti permette di risparmiare. Scorri in basso per tutti i dettagli.<\/p>\n<p>Acquista almeno 5 pezzi e avrai uno sconto del 3% su ogni barattolo<br \/>\nAcquista almeno 10 pezzi e avrai uno sconto del 8% su ogni barattolo<\/p>\n<p>&nbsp;<\/p>\n","protected":false},"featured_media":11038,"comment_status":"open","ping_status":"closed","template":"","meta":[],"product_brand":[],"product_cat":[31],"product_tag":[37,38,39,33,34],"class_list":{"0":"post-352","1":"product","2":"type-product","3":"status-publish","4":"has-post-thumbnail","6":"product_cat-creme-spalmabili","7":"product_tag-bomboniere-gastronomiche","8":"product_tag-cioccolato-e-cacao","9":"product_tag-creme-spalmabili","10":"product_tag-idee-regalo","11":"product_tag-nocciole-piemonte-igp","12":"product_shipping_class-iva-22","14":"first","15":"instock","16":"taxable","17":"shipping-taxable","18":"purchasable","19":"product-type-variable","20":"has-default-attributes"},"_links":{"self":[{"href":"https:\/\/eloquent-sinoussi.92-119-49-55.plesk.page\/index.php?rest_route=\/wp\/v2\/product\/352","targetHints":{"allow":["GET"]}}],"collection":[{"href":"https:\/\/eloquent-sinoussi.92-119-49-55.plesk.page\/index.php?rest_route=\/wp\/v2\/product"}],"about":[{"href":"https:\/\/eloquent-sinoussi.92-119-49-55.plesk.page\/index.php?rest_route=\/wp\/v2\/types\/product"}],"replies":[{"embeddable":true,"href":"https:\/\/eloquent-sinoussi.92-119-49-55.plesk.page\/index.php?rest_route=%2Fwp%2Fv2%2Fcomments&post=352"}],"wp:featuredmedia":[{"embeddable":true,"href":"https:\/\/eloquent-sinoussi.92-119-49-55.plesk.page\/index.php?rest_route=\/wp\/v2\/media\/11038"}],"wp:attachment":[{"href":"https:\/\/eloquent-sinoussi.92-119-49-55.plesk.page\/index.php?rest_route=%2Fwp%2Fv2%2Fmedia&parent=352"}],"wp:term":[{"taxonomy":"product_brand","embeddable":true,"href":"https:\/\/eloquent-sinoussi.92-119-49-55.plesk.page\/index.php?rest_route=%2Fwp%2Fv2%2Fproduct_brand&post=352"},{"taxonomy":"product_cat","embeddable":true,"href":"https:\/\/eloquent-sinoussi.92-119-49-55.plesk.page\/index.php?rest_route=%2Fwp%2Fv2%2Fproduct_cat&post=352"},{"taxonomy":"product_tag","embeddable":true,"href":"https:\/\/eloquent-sinoussi.92-119-49-55.plesk.page\/index.php?rest_route=%2Fwp%2Fv2%2Fproduct_tag&post=352"}],"curies":[{"name":"wp","href":"https:\/\/api.w.org\/{rel}","templated":true}]}}